{"id":551,"date":"2018-09-25T18:18:41","date_gmt":"2018-09-25T16:18:41","guid":{"rendered":"http:\/\/www2.beetasty.be\/?page_id=551"},"modified":"2023-12-26T20:26:05","modified_gmt":"2023-12-26T19:26:05","slug":"beetasty-miel-nougat-presentation","status":"publish","type":"page","link":"https:\/\/www.beetasty.be\/fr\/beetasty-miel-nougat-presentation\/","title":{"rendered":"BeeTasty. Miel, nougat et pain d\u2019\u00e9pices \u2026 en direct de l\u2019apiculteur. Pr\u00e9sentation"},"content":{"rendered":"<p>[et_pb_section fb_built=&#8221;1&#8243; _builder_version=&#8221;4.16&#8243; global_colors_info=&#8221;{}&#8221;][et_pb_row _builder_version=&#8221;4.16&#8243; global_colors_info=&#8221;{}&#8221;][et_pb_column type=&#8221;4_4&#8243; _builder_version=&#8221;4.16&#8243; custom_padding=&#8221;|||&#8221; global_colors_info=&#8221;{}&#8221; custom_padding__hover=&#8221;|||&#8221;][et_pb_text _builder_version=&#8221;4.16&#8243; global_colors_info=&#8221;{}&#8221;]<\/p>\n<h1 style=\"text-align: center;\"><span style=\"font-size: xx-large;\"><strong>Pr\u00e9sentation<\/strong><\/span><\/h1>\n<p>[\/et_pb_text][\/et_pb_column][\/et_pb_row][et_pb_row _builder_version=&#8221;4.16&#8243; global_colors_info=&#8221;{}&#8221;][et_pb_column type=&#8221;4_4&#8243; _builder_version=&#8221;4.16&#8243; custom_padding=&#8221;|||&#8221; global_colors_info=&#8221;{}&#8221; custom_padding__hover=&#8221;|||&#8221;][et_pb_text _builder_version=&#8221;4.16&#8243; global_colors_info=&#8221;{}&#8221;]Je me suis lanc\u00e9 dans l\u2019apiculture en 2009.<br \/>\nSuite \u00e0 une \u00e9mission TV, j\u2019ai eu l\u2019envie de retrouver des souvenirs d\u2019enfance v\u00e9cus \u00e0 la ferme. Lors de mes vacances, j\u2019allais r\u00e9colter le miel avec mon ami Guy, l\u2019apiculteur du village qui avait une dizaine de ruches.<br \/>\nJ\u2019\u00e9tais fascin\u00e9 par ces boites noires au fond de son jardin dont je n\u2019osais m\u2019approcher.<br \/>\nLa r\u00e9colte du miel m\u2019a s\u00e9duit, gouter ce miel frais sorti de la ruche, quel d\u00e9lice.<br \/>\nC\u2019est en mars 2013 que j\u2019ai d\u00e9cid\u00e9 de me lancer plus s\u00e9rieusement dans l\u2019apiculture et d\u2019augmenter mon nombre de ruches.<br \/>\nEn 2017, je suis devenu apiculteur \u00e0 temps plein.<br \/>\n[\/et_pb_text][\/et_pb_column][\/et_pb_row][et_pb_row _builder_version=&#8221;4.16&#8243; global_colors_info=&#8221;{}&#8221; column_structure=&#8221;1_2,1_2&#8243;][et_pb_column type=&#8221;1_2&#8243; _builder_version=&#8221;4.16&#8243; custom_padding=&#8221;|||&#8221; global_colors_info=&#8221;{}&#8221; custom_padding__hover=&#8221;|||&#8221;][et_pb_image src=&#8221;\/wp-content\/uploads\/2018\/09\/square7.jpg&#8221; align_tablet=&#8221;center&#8221; align_last_edited=&#8221;on|desktop&#8221; _builder_version=&#8221;4.16&#8243; border_radii=&#8221;on|10px|10px|10px|10px&#8221; global_colors_info=&#8221;{}&#8221; align_phone=&#8221;center&#8221;][\/et_pb_image][\/et_pb_column][et_pb_column type=&#8221;1_2&#8243; _builder_version=&#8221;4.16&#8243; custom_padding=&#8221;|||&#8221; global_colors_info=&#8221;{}&#8221; custom_padding__hover=&#8221;|||&#8221;][et_pb_text _builder_version=&#8221;4.23.2&#8243; hover_enabled=&#8221;0&#8243; global_colors_info=&#8221;{}&#8221; sticky_enabled=&#8221;0&#8243;]<\/p>\n<p><strong>Evolution du cheptel<\/strong><\/p>\n<p>Mars 2013 : 20 ruches<br \/>Novembre 2013 : 50 ruches<br \/>Janvier 2014 : 44 ruches<br \/>Juillet 2014 : 82 ruches<br \/>D\u00e9cembre 2014 : 47 ruches (d\u00e9j\u00e0 de grosses pertes hivernales)<br \/>Mars 2014 : 38 ruches<br \/>Juin 2015 : 70 ruches (soit environ 1.400.000 abeilles)<br \/>F\u00e9vrier 2016 : 110 ruches (reprise de Beegold)<br \/>Juillet 2016 : 130 ruches<br \/>Novembre 2016 : Achat de la machine \u00e0 gaufrer la cire &#8211; cr\u00e9ation de <em>&#8220;Le Baron&#8221;<\/em><br \/>Mars 2017 : 60 ruches (le varroa a encore frapp\u00e9)<br \/>Octobre 2017 : Nouveau nom <em>&#8220;Bee Tasty&#8221;<\/em><br \/>Ao\u00fbt 2018 : 130 ruches &#8211; stabilisation du nombre de ruches<br \/>Avril 2021 : D\u00e9but de collaboration avec <em>Arista Bee Research<\/em><br \/>Mars 2023 : Cr\u00e9ation de la bi\u00e8re <em>&#8220;La Mellifique&#8221;<\/em><\/p>\n<p>[\/et_pb_text][\/et_pb_column][\/et_pb_row][et_pb_row _builder_version=&#8221;4.16&#8243; global_colors_info=&#8221;{}&#8221; column_structure=&#8221;1_2,1_2&#8243;][et_pb_column type=&#8221;1_2&#8243; _builder_version=&#8221;4.16&#8243; custom_padding=&#8221;|||&#8221; global_colors_info=&#8221;{}&#8221; custom_padding__hover=&#8221;|||&#8221;][et_pb_text _builder_version=&#8221;4.16&#8243; global_colors_info=&#8221;{}&#8221;]<strong>Dates importantes<\/strong><\/p>\n<p><strong>2013<\/strong><br \/>\nConstitution<br \/>\nAchat de 40 colonies pour constituer le cheptel de base<\/p>\n<p><strong>2014<\/strong><br \/>\nCollaboration avec Vallero<br \/>\nD\u00e9but des transhumances \u00e0 La Roche en Ardenne , Neufchateau et Houthaelen (sur la bruy\u00e8re)<br \/>\nAffiliation au groupement Promiel, et au label \u00ab Perle du Terroir \u00bb<\/p>\n<p><strong>2015<\/strong><br \/>\nD\u00e9but de la fabrication du nougat<br \/>\nLancement du site de vente en ligne<br \/>\nUtilisation des nouveaux pots<\/p>\n<p><strong>2016<\/strong><br \/>\nIncendie de l\u2019entrep\u00f4t (tout le mat\u00e9riel pr\u00eat pour la saison part en flammes)<br \/>\nAchat de la machine \u00e0 Gaufrer avec Vallero et Vergers &amp; Ruchers Mosans<\/p>\n<p><strong>2017<\/strong><br \/>\nD\u00e9but de l\u2019activit\u00e9 \u00e0 titre principal<br \/>\nNouvelle collaboration avec la chaine de magasins Colruyt<br \/>\n[\/et_pb_text][\/et_pb_column][et_pb_column type=&#8221;1_2&#8243; _builder_version=&#8221;4.16&#8243; custom_padding=&#8221;|||&#8221; global_colors_info=&#8221;{}&#8221; custom_padding__hover=&#8221;|||&#8221;][et_pb_image src=&#8221;\/wp-content\/uploads\/2018\/09\/square6.jpg&#8221; align_tablet=&#8221;center&#8221; align_last_edited=&#8221;on|desktop&#8221; _builder_version=&#8221;4.16&#8243; border_radii=&#8221;on|10px|10px|10px|10px&#8221; global_colors_info=&#8221;{}&#8221; align_phone=&#8221;center&#8221;][\/et_pb_image][\/et_pb_column][\/et_pb_row][\/et_pb_section]<\/p>\n","protected":false},"excerpt":{"rendered":"<p>Pr\u00e9sentation Je me suis lanc\u00e9 dans l\u2019apiculture en 2009. Suite \u00e0 une \u00e9mission TV, j\u2019ai eu l\u2019envie de retrouver des souvenirs d\u2019enfance v\u00e9cus \u00e0 la ferme. Lors de mes vacances, j\u2019allais r\u00e9colter le miel avec mon ami Guy, l\u2019apiculteur du village qui avait une dizaine de ruches. J\u2019\u00e9tais fascin\u00e9 par ces boites noires au fond [&hellip;]<\/p>\n","protected":false},"author":2,"featured_media":0,"parent":0,"menu_order":0,"comment_status":"closed","ping_status":"closed","template":"","meta":{"_acf_changed":false,"_et_pb_use_builder":"on","_et_pb_old_content":"","_et_gb_content_width":"","footnotes":""},"class_list":["post-551","page","type-page","status-publish","hentry"],"acf":[],"_links":{"self":[{"href":"https:\/\/www.beetasty.be\/fr\/wp-json\/wp\/v2\/pages\/551","targetHints":{"allow":["GET"]}}],"collection":[{"href":"https:\/\/www.beetasty.be\/fr\/wp-json\/wp\/v2\/pages"}],"about":[{"href":"https:\/\/www.beetasty.be\/fr\/wp-json\/wp\/v2\/types\/page"}],"author":[{"embeddable":true,"href":"https:\/\/www.beetasty.be\/fr\/wp-json\/wp\/v2\/users\/2"}],"replies":[{"embeddable":true,"href":"https:\/\/www.beetasty.be\/fr\/wp-json\/wp\/v2\/comments?post=551"}],"version-history":[{"count":1,"href":"https:\/\/www.beetasty.be\/fr\/wp-json\/wp\/v2\/pages\/551\/revisions"}],"predecessor-version":[{"id":507636,"href":"https:\/\/www.beetasty.be\/fr\/wp-json\/wp\/v2\/pages\/551\/revisions\/507636"}],"wp:attachment":[{"href":"https:\/\/www.beetasty.be\/fr\/wp-json\/wp\/v2\/media?parent=551"}],"curies":[{"name":"wp","href":"https:\/\/api.w.org\/{rel}","templated":true}]}}

BeeTasty. Miel, nougat et pain d’épices … en direct de l’apiculteur. Présentation

<p>[et_pb_section fb_built=&#8221;1&#8243; _builder_version=&#8221;4.16&#8243; global_colors_info=&#8221;{}&#8221;][et_pb_row _builder_version=&#8221;4.16&#8243; global_colors_info=&#8221;{}&#8221;][et_pb_column type=&#8221;4_4&#8243; _builder_version=&#8221;4.16&#8243; custom_padding=&#8221;|||&#8221; global_colors_info=&#8221;{}&#8221; custom_padding__hover=&#8221;|||&#8221;][et_pb_text _builder_version=&#8221;4.16&#8243; global_colors_info=&#8221;{}&#8221;]</p>
<h1 style="text-align: center;"><span style="font-size: xx-large;"><strong>Présentation</strong></span></h1>
<p>[/et_pb_text][/et_pb_column][/et_pb_row][et_pb_row _builder_version=&#8221;4.16&#8243; global_colors_info=&#8221;{}&#8221;][et_pb_column type=&#8221;4_4&#8243; _builder_version=&#8221;4.16&#8243; custom_padding=&#8221;|||&#8221; global_colors_info=&#8221;{}&#8221; custom_padding__hover=&#8221;|||&#8221;][et_pb_text _builder_version=&#8221;4.16&#8243; global_colors_info=&#8221;{}&#8221;]Je me suis lancé dans l’apiculture en 2009.<br />
Suite à une émission TV, j’ai eu l’envie de retrouver des souvenirs d’enfance vécus à la ferme. Lors de mes vacances, j’allais récolter le miel avec mon ami Guy, l’apiculteur du village qui avait une dizaine de ruches.<br />
J’étais fasciné par ces boites noires au fond de son jardin dont je n’osais m’approcher.<br />
La récolte du miel m’a séduit, gouter ce miel frais sorti de la ruche, quel délice.<br />
C’est en mars 2013 que j’ai décidé de me lancer plus sérieusement dans l’apiculture et d’augmenter mon nombre de ruches.<br />
En 2017, je suis devenu apiculteur à temps plein.<br />
[/et_pb_text][/et_pb_column][/et_pb_row][et_pb_row _builder_version=&#8221;4.16&#8243; global_colors_info=&#8221;{}&#8221; column_structure=&#8221;1_2,1_2&#8243;][et_pb_column type=&#8221;1_2&#8243; _builder_version=&#8221;4.16&#8243; custom_padding=&#8221;|||&#8221; global_colors_info=&#8221;{}&#8221; custom_padding__hover=&#8221;|||&#8221;][et_pb_image src=&#8221;/wp-content/uploads/2018/09/square7.jpg&#8221; align_tablet=&#8221;center&#8221; align_last_edited=&#8221;on|desktop&#8221; _builder_version=&#8221;4.16&#8243; border_radii=&#8221;on|10px|10px|10px|10px&#8221; global_colors_info=&#8221;{}&#8221; align_phone=&#8221;center&#8221;][/et_pb_image][/et_pb_column][et_pb_column type=&#8221;1_2&#8243; _builder_version=&#8221;4.16&#8243; custom_padding=&#8221;|||&#8221; global_colors_info=&#8221;{}&#8221; custom_padding__hover=&#8221;|||&#8221;][et_pb_text _builder_version=&#8221;4.23.2&#8243; hover_enabled=&#8221;0&#8243; global_colors_info=&#8221;{}&#8221; sticky_enabled=&#8221;0&#8243;]</p>
<p><strong>Evolution du cheptel</strong></p>
<p>Mars 2013 : 20 ruches<br />Novembre 2013 : 50 ruches<br />Janvier 2014 : 44 ruches<br />Juillet 2014 : 82 ruches<br />Décembre 2014 : 47 ruches (déjà de grosses pertes hivernales)<br />Mars 2014 : 38 ruches<br />Juin 2015 : 70 ruches (soit environ 1.400.000 abeilles)<br />Février 2016 : 110 ruches (reprise de Beegold)<br />Juillet 2016 : 130 ruches<br />Novembre 2016 : Achat de la machine à gaufrer la cire &#8211; création de <em>&#8220;Le Baron&#8221;</em><br />Mars 2017 : 60 ruches (le varroa a encore frappé)<br />Octobre 2017 : Nouveau nom <em>&#8220;Bee Tasty&#8221;</em><br />Août 2018 : 130 ruches &#8211; stabilisation du nombre de ruches<br />Avril 2021 : Début de collaboration avec <em>Arista Bee Research</em><br />Mars 2023 : Création de la bière <em>&#8220;La Mellifique&#8221;</em></p>
<p>[/et_pb_text][/et_pb_column][/et_pb_row][et_pb_row _builder_version=&#8221;4.16&#8243; global_colors_info=&#8221;{}&#8221; column_structure=&#8221;1_2,1_2&#8243;][et_pb_column type=&#8221;1_2&#8243; _builder_version=&#8221;4.16&#8243; custom_padding=&#8221;|||&#8221; global_colors_info=&#8221;{}&#8221; custom_padding__hover=&#8221;|||&#8221;][et_pb_text _builder_version=&#8221;4.16&#8243; global_colors_info=&#8221;{}&#8221;]<strong>Dates importantes</strong></p>
<p><strong>2013</strong><br />
Constitution<br />
Achat de 40 colonies pour constituer le cheptel de base</p>
<p><strong>2014</strong><br />
Collaboration avec Vallero<br />
Début des transhumances à La Roche en Ardenne , Neufchateau et Houthaelen (sur la bruyère)<br />
Affiliation au groupement Promiel, et au label « Perle du Terroir »</p>
<p><strong>2015</strong><br />
Début de la fabrication du nougat<br />
Lancement du site de vente en ligne<br />
Utilisation des nouveaux pots</p>
<p><strong>2016</strong><br />
Incendie de l’entrepôt (tout le matériel prêt pour la saison part en flammes)<br />
Achat de la machine à Gaufrer avec Vallero et Vergers &amp; Ruchers Mosans</p>
<p><strong>2017</strong><br />
Début de l’activité à titre principal<br />
Nouvelle collaboration avec la chaine de magasins Colruyt<br />
[/et_pb_text][/et_pb_column][et_pb_column type=&#8221;1_2&#8243; _builder_version=&#8221;4.16&#8243; custom_padding=&#8221;|||&#8221; global_colors_info=&#8221;{}&#8221; custom_padding__hover=&#8221;|||&#8221;][et_pb_image src=&#8221;/wp-content/uploads/2018/09/square6.jpg&#8221; align_tablet=&#8221;center&#8221; align_last_edited=&#8221;on|desktop&#8221; _builder_version=&#8221;4.16&#8243; border_radii=&#8221;on|10px|10px|10px|10px&#8221; global_colors_info=&#8221;{}&#8221; align_phone=&#8221;center&#8221;][/et_pb_image][/et_pb_column][/et_pb_row][/et_pb_section]</p>

<p>Présentation Je me suis lancé dans l’apiculture en 2009. Suite à une émission TV, j’ai eu l’envie de retrouver des souvenirs d’enfance vécus à la ferme. Lors de mes vacances, j’allais récolter le miel avec mon ami Guy, l’apiculteur du village qui avait une dizaine de ruches. J’étais fasciné par ces boites noires au fond [&hellip;]</p>
